{"id":127,"date":"2020-09-20T14:34:55","date_gmt":"2020-09-20T14:34:55","guid":{"rendered":"http:\/\/www.esranurtola.com.tr\/?page_id=127"},"modified":"2020-09-20T18:05:01","modified_gmt":"2020-09-20T18:05:01","slug":"ulusal-kongre-bildirileri","status":"publish","type":"page","link":"http:\/\/www.esranurtola.com.tr\/index.php\/kongre-bildirilerim\/ulusal-kongre-bildirileri\/","title":{"rendered":"Ulusal Kongre Bildirileri"},"content":{"rendered":"\n<ol class=\"wp-block-list\" type=\"1\"><li><strong>Tola EN<\/strong>, Mungan T, Bayhan G, Oral B, G\u00fcney M, \u00d6zatik O. \u0130n vitro fertilizasyon hastalar\u0131ndan elde edilen granuloza h\u00fccrelerindeki intraseluler kalsiyum d\u00fczeyinin ve oksidan parametrelerin oosit kalitesine ve fertilizasyon oranlar\u0131na etkisi: Prospektif klinik \u00e7al\u0131\u015fma.&nbsp;9. T\u00fcrk Jinekoloji ve Obstetri Kongresi, 17-22 May\u0131s 2011, Kervansaray Otel Antalya, T\u00fcrkiye.<\/li><li><strong>Tola EN<\/strong>, K\u00f6ro\u011flu N, Ergin M, Oral HB, Erel \u00d6.&nbsp;Polikistik Over Sendromunda Folikuler S\u0131v\u0131 Tiol\/Disulfid Homeostaz\u0131.&nbsp;13. Ulusal Uluda\u011f K\u0131\u015f Kongresi, 2-5 Mart 2017, Grand Yaz\u0131c\u0131, Uluda\u011f, Bursa, T\u00fcrkiye.<\/li><li><strong>Tola EN.&nbsp;<\/strong>Pelvik organ prolapsusunda kollajen tip-1 ve kollajen metabolizmas\u0131 d\u00fczenleyicilerinin ara\u015ft\u0131r\u0131lmas\u0131. 2. Minimal invaziv jinekolojik cerrahi kongresi. 21-25 \u015eubat 2018, Wyndham Grand Levent, \u0130stanbul, T\u00fcrkiye.<\/li><li><strong>Tola EN.<\/strong>&nbsp;Embryo fundus mesafesinin ICSI sonu\u00e7lar\u0131na etkisi.&nbsp;<a href=\"http:\/\/www.infertilitendoskopi.org\/\">7. Jinekolojik Endoskopi Sempozyum ve \u00c7al\u0131\u015ftay\u0131 &amp; 2. \u00dcreme endokrinolojisi ve infertilite akademisi, 8-11 Mart 2018, Grand Yaz\u0131c\u0131, Uluda\u011f, Bursa, T\u00fcrkiye.<\/a><\/li><li><strong>Tola EN.<\/strong>&nbsp;Paternal obezitenin ICSI ba\u015far\u0131s\u0131na etkisi.&nbsp;<a href=\"http:\/\/www.infertilitendoskopi.org\/\">7. Jinekolojik Endoskopi Sempozyum ve \u00c7al\u0131\u015ftay\u0131 &amp; 2. \u00dcreme endokrinolojisi ve infertilite akademisi, 8-11 Mart 2018, Grand Yaz\u0131c\u0131, Uluda\u011f, Bursa, T\u00fcrkiye.<\/a><\/li><li><strong>Tola EN.<\/strong>&nbsp;Serum ferritin ve C-reaktif protein seviyelerinin PCOS etyopatogenezine ve ili\u015fkili klinik durumlara etkisi.&nbsp;<a href=\"http:\/\/www.infertilitendoskopi.org\/\">7. Jinekolojik Endoskopi Sempozyum ve \u00c7al\u0131\u015ftay\u0131 &amp; 2. \u00dcreme endokrinolojisi ve infertilite akademisi, 8-11 Mart 2018, Grand Yaz\u0131c\u0131, Uluda\u011f, Bursa, T\u00fcrkiye.<\/a><\/li><li>\u015eent\u00fcrk R,&nbsp;<strong>Tola EN<\/strong>, Oral HB, Do\u011fu\u00e7 Kumbul D, Bozkurt M. Serum ve folikuler s\u0131v\u0131 vitamin B12, folat, homosistein, seviyelerinin infertilite etyolojisine ve in vitro fertilizasyon sonu\u00e7lar\u0131na etkisi. 15. T\u00fcrk Jinekoloji ve Obstetri Kongresi, 9-13 May\u0131s 2018, Titanic Deluxe, Antalya, T\u00fcrkiye.<\/li><li><strong>Tola EN,<\/strong>&nbsp;Aslan Ko\u015far P.&nbsp;The association between DNA damage of granulosa cells and oocyte quality.&nbsp;15.<sup>&nbsp;<\/sup>Ulusal \u00dcreme Sa\u011fl\u0131\u011f\u0131 ve \u0130nfertilite Kongresi, 8-11 Kas\u0131m 2018, Belek, Antalya, T\u00fcrkiye.<\/li><li><strong>Tola EN,<\/strong>&nbsp;Aslan Ko\u015far P, Ulusoy Karatopuk D, Sancer O, Oral HB.&nbsp;The role of DNA integrity parameters of cumulus oophorus cells and lymphocytes on ICSI success among patients with PCOS.&nbsp;15.<sup>&nbsp;<\/sup>Ulusal \u00dcreme Sa\u011fl\u0131\u011f\u0131 ve \u0130nfertilite Kongresi, 8-11 Kas\u0131m 2018, Belek, Antalya, T\u00fcrkiye.<\/li><li>K\u00f6ro\u011flu N, Aydogan Mathyk B,&nbsp;<strong>Tola EN,<\/strong>&nbsp;Aslan \u00c7etin B, Y\u00fcksel Temel I, Da\u011f I, Y\u0131ld\u0131r\u0131m Yetkin G. Polikistik over sendromu ve ili\u015fkili klinik durumlarda gremlin-1 and gremlin-2 seviyeleri.&nbsp;15.<sup>&nbsp;<\/sup>Ulusal \u00dcreme Sa\u011fl\u0131\u011f\u0131 ve \u0130nfertilite Kongresi, 8-11 Kas\u0131m 2018, Belek, Antalya, T\u00fcrkiye.<\/li><li>\u00dcnal S,&nbsp;<strong>Tola EN,<\/strong>&nbsp;KarahasAno\u011flu A. \u0130yi overyan rezervli ileri ya\u015f vakalarda preimplantasyonel genetik tan\u0131s\u0131z (PGT) iyi kalite blastokist transferinin gebelik sonu\u00e7lar\u0131na etkisi. 7. \u00dcreme T\u0131bb\u0131 ve Cerrhisi Derne\u011fi Kongresi, 3-6 Ekim 2019, Kaya palazzo, Belek, Antalya, T\u00fcrkiye.<\/li><li>Yetkin Y\u0131ld\u0131r\u0131m G,&nbsp;<strong>Tola EN.<\/strong>&nbsp;Serum OKL38 seviyelerinin polikistik over sendromu etyopatogenezi ve ilgili klinik durumlarla ili\u015fkisi. 1. Kad\u0131n Hastal\u0131klar\u0131 ve Do\u011fum G\u00fcnleri, Ovulasyon \u0130nd\u00fcksiyonu Sempozyumu, 19-20 Ekim 2019, Shimall otel, Gaziantep, T\u00fcrkiye.<\/li><li>\u00dcnal S,&nbsp;<strong>Tola EN,<\/strong>&nbsp;Karahasano\u011flu A. Elektif tek ve \u00e7ift blastokist transferiyle klinik olarak gebe kalan 35 ya\u015f alt\u0131 kad\u0131nlarda obstetrik ve perinatal sonu\u00e7lar\u0131n kar\u015f\u0131la\u015ft\u0131r\u0131lmas\u0131. 1. Kad\u0131n Hastal\u0131klar\u0131 ve Do\u011fum G\u00fcnleri, Ovulasyon Ind\u00fcksiyonu Sempozyumu, 19-20 Ekim 2019, Shimall otel, Gaziantep, T\u00fcrkiye.<\/li><li><strong>Tola EN.&nbsp;<\/strong>Folik\u00fcler ADAMTS-1 ve versikan seviyelerinin a\u00e7\u0131klanamayan infertile ve oosit kalitesiyle olan ili\u015fkisinin ara\u015ft\u0131r\u0131lmas\u0131.&nbsp;1. Kad\u0131n Hastal\u0131klar\u0131 ve Do\u011fum G\u00fcnleri, Ovulasyon Ind\u00fcksiyonu Sempozyumu, 19-20 Ekim 2019, Shimall otel, Gaziantep, T\u00fcrkiye.<\/li><li><strong>Tola EN.&nbsp;<\/strong>Tam kan say\u0131m\u0131ndaki inflamatuar parametrelerin polikistik over sendromu olu\u015fumuna ve in vitro fertilizasyon sonu\u00e7lar\u0131na etkisi,&nbsp;1. Kad\u0131n Hastal\u0131klar\u0131 ve Do\u011fum G\u00fcnleri, Ovulasyon Ind\u00fcksiyonu Sempozyumu, 19-20 Ekim 2019, Shimall otel, Gaziantep, T\u00fcrkiye.<\/li><li>K\u0131l\u0131n\u00e7demir Turgut \u00dc,<strong>&nbsp;Tola EN,&nbsp;<\/strong>Sezik M.<strong>&nbsp;<\/strong>Fetal anomalilerin ilk trimester bulgular\u0131na dair deneyimlerimiz.&nbsp;1. Kad\u0131n Hastal\u0131klar\u0131 ve Do\u011fum G\u00fcnleri, Ovulasyon Ind\u00fcksiyonu Sempozyumu, 19-20 Ekim 2019, Shimall otel, Gaziantep, T\u00fcrkiye.<\/li><li><strong>Tola EN,&nbsp;<\/strong>\u00d6zkaya O. Uterin anomalili gen\u00e7 bir hastada birinci trimester spontan skars\u203az uterin r\u00fcpt\u00fcr\u00fc: Olgu sunumu, 14. Ulusal Perinataloji Kongresi, 19-22 Eyl\u00fcl 2013, Sar\u0131germe, Mu\u011fla, T\u00fcrkiye.<strong><u><\/u><\/strong><\/li><li><strong>Tola EN,<\/strong>&nbsp;Oral B, K\u00f6se SA, G\u00fcnyeli \u0130. Gen\u00e7 bir hastada uterin prolapsus tedavisinde&nbsp;Carter-Thomason operasyonu: vaka sunumu. 6. Ulusal \u00dcrojinekoloji Kongresi, Kas\u0131m 2013, \u0130stanbul, T\u00fcrkiye.<strong><u><\/u><\/strong><\/li><li><strong>Tola EN,<\/strong>&nbsp;G\u00fcnyeli I, Soyupek S, K\u00f6se SA, Erdemo\u011flu E. Pelvik organ prolapsusunda lapaparaskopik sakrohisteropeksi.&nbsp;5. Uluda\u011f Minimal \u0130nvaziv Jinekoloji Sempozyumu ve akademisi, 23-26 Ocak 2014, Crown Plaza Hotel, Bursa, T\u00fcrkiye.<strong><u><\/u><\/strong><\/li><li>Y\u00fcksel M, K\u00f6se SA, Akku\u015f F,&nbsp;<strong>Tola EN.<\/strong>&nbsp;Sezeryan skar\u0131nda endometriozis: vaka sunumu. 12. Ulusal T\u00fcrk Jinekoloji ve Obsteri Kongresi, 15-19 May\u0131s 2014, Rixos Sungate, Antalya, T\u00fcrkiye.<strong><u><\/u><\/strong><\/li><li>K\u00f6se SA, Y\u00fcksel M, G\u00fcnyeli \u0130,&nbsp;<strong>Tola EN.<\/strong>&nbsp;Fetal membranlar\u0131n prolabe oldu\u011fu servikal yetmezlik vakalar\u0131nda acil serklaj uygulamalar\u0131. 12. Ulusal T\u00fcrk Jinekoloji ve Obsteri Kongresi, 15-19 May\u0131s 2014, Rixos Sungate, Antalya, T\u00fcrkiye.<strong><u><\/u><\/strong><\/li><li>Aynal\u0131 A, Ar\u0131do\u011fan BC,&nbsp;<strong>Tola EN,<\/strong>&nbsp;\u00d6nal S, \u00c7etin ES. Isparta b\u00f6lgesinde kad\u0131nlarda Toxoplazma seroprevelans\u0131. 36. T\u00fcrk Mikrobiyoloji Kongresi, 12-16 Kas\u0131m 2014, Kaya Palazzo, Antalya, T\u00fcrkiye.<strong><u><\/u><\/strong><\/li><li>Aynal\u0131 A, Ar\u0131do\u011fan BC,&nbsp;<strong>Tola EN,<\/strong>&nbsp;\u00d6nal S, \u00c7etin ES. Isparta y\u00f6resinde kad\u0131nlarda Rubella seroprevelans\u0131.&nbsp;36. T\u00fcrk Mikrobiyoloji Kongresi, 12-16 Kas\u0131m 2014, Kaya Palazzo, Antalya, T\u00fcrkiye.<strong><u><\/u><\/strong><\/li><li>Aynal\u0131 A, Ar\u0131do\u011fan BC,&nbsp;<strong>Tola EN,<\/strong>&nbsp;\u00d6nal S, \u00c7etin ES. Isparta y\u00f6resinde kad\u0131nlarda CMV seroprevelans\u0131.&nbsp;36. T\u00fcrk Mikrobiyoloji Kongresi, 12-16 Kas\u0131m 2014, Kaya Palazzo, Antalya, T\u00fcrkiye.<strong><u><\/u><\/strong><\/li><li>\u00d6nal S,&nbsp;<strong>Tola EN,<\/strong>&nbsp;\u00c7ift\u00e7i E, Aynal\u0131 A, Ar\u0131do\u011fan BC. Servikal smearda human papilloma virusun insidans\u0131 ve genetic da\u011f\u0131l\u0131m\u0131. 36. T\u00fcrk Mikrobiyoloji Kongresi, 12-16 Kas\u0131m 2014, Kaya Palazzo, Antalya, T\u00fcrkiye.<strong><u><\/u><\/strong><\/li><li>Y\u0131ld\u0131r\u0131m Ba\u015f F,&nbsp;<strong>Tola EN<\/strong>, Sak S, \u00c7ankaya BA. D\u00fc\u015f\u00fcklerde hematolojik parametrelerin tan\u0131sal de\u011feri. 10. Aile Hekimli\u011fi Ara\u015ft\u0131rma G\u00fcnleri, 6- 9 Nisan 2017, Erciyes \u00dcniversitesi Sabanc\u0131 K\u00fclt\u00fcr Merkezi, Kayseri, T\u00fcrkiye.<strong><u><\/u><\/strong><\/li><li>Eri\u015f Yal\u00e7\u0131n S, Akkurt MO, Yal\u00e7\u0131n Y, Yavuz A,&nbsp;<strong>Tola EN<\/strong>, Sezik M. distal tirzomi 15q sendromunun prenatal bulgular\u0131. 16. Ulusal perinataloji kongresi, 28 Eyl\u00fcl-1 Ekim 2017, Titanic Deluxe, Bodrum, T\u00fcrkiye.<strong><u><\/u><\/strong><\/li><li>Eri\u015f Yal\u00e7\u0131n S,&nbsp;Yal\u00e7\u0131n Y,&nbsp;<strong>Tola EN<\/strong>, Yavuz A, Akkurt MO, Sezik M, \u00d6zkaya MO. Tersiyer bir merkezde fetal manyetik rezonan endikasyonlar\u0131n\u0131n incelenmesi. 16. Ulusal perinataloji kongresi, 28 Eyl\u00fcl-1 Ekim 2017, Titanic Deluxe, Bodrum, T\u00fcrkiye.<strong><u><\/u><\/strong><\/li><li><strong>Tola EN,&nbsp;<\/strong>\u015eent\u00fcrk R.&nbsp;A\u00e7\u0131klanamayan infertilite etyopatogenezinde sistemik ve folik\u00fcler total oksidan status (TAS), total antioksidan status (TOS) ve oksidatif stres indeksinin (OSI) rol\u00fc,&nbsp;7. \u00dcreme T\u0131bb\u0131 ve Cerrhisi Derne\u011fi Kongresi, 3-6 Ekim 2019, Kaya palazzo, Belek, Antalya, T\u00fcrkiye.<strong><u><\/u><\/strong><\/li><\/ol>\n","protected":false},"excerpt":{"rendered":"<p>Tola EN, Mungan T, Bayhan G, Oral B, G\u00fcney M, \u00d6zatik O. \u0130n vitro fertilizasyon hastalar\u0131ndan elde edilen granuloza h\u00fccrelerindeki intraseluler kalsiyum d\u00fczeyinin ve oksidan parametrelerin oosit kalitesine ve fertilizasyon oranlar\u0131na etkisi: Prospektif klinik \u00e7al\u0131\u015fma.&nbsp;9. T\u00fcrk Jinekoloji ve Obstetri Kongresi, 17-22 May\u0131s 2011, Kervansaray Otel Antalya, T\u00fcrkiye. Tola EN, K\u00f6ro\u011flu N, Ergin M, Oral HB, [&hellip;]<\/p>\n","protected":false},"author":1,"featured_media":0,"parent":125,"menu_order":1,"comment_status":"closed","ping_status":"closed","template":"","meta":{"_monsterinsights_skip_tracking":false,"_monsterinsights_sitenote_active":false,"_monsterinsights_sitenote_note":"","_monsterinsights_sitenote_category":0,"footnotes":""},"class_list":["post-127","page","type-page","status-publish","hentry"],"aioseo_notices":[],"_links":{"self":[{"href":"http:\/\/www.esranurtola.com.tr\/index.php\/wp-json\/wp\/v2\/pages\/127","targetHints":{"allow":["GET"]}}],"collection":[{"href":"http:\/\/www.esranurtola.com.tr\/index.php\/wp-json\/wp\/v2\/pages"}],"about":[{"href":"http:\/\/www.esranurtola.com.tr\/index.php\/wp-json\/wp\/v2\/types\/page"}],"author":[{"embeddable":true,"href":"http:\/\/www.esranurtola.com.tr\/index.php\/wp-json\/wp\/v2\/users\/1"}],"replies":[{"embeddable":true,"href":"http:\/\/www.esranurtola.com.tr\/index.php\/wp-json\/wp\/v2\/comments?post=127"}],"version-history":[{"count":2,"href":"http:\/\/www.esranurtola.com.tr\/index.php\/wp-json\/wp\/v2\/pages\/127\/revisions"}],"predecessor-version":[{"id":176,"href":"http:\/\/www.esranurtola.com.tr\/index.php\/wp-json\/wp\/v2\/pages\/127\/revisions\/176"}],"up":[{"embeddable":true,"href":"http:\/\/www.esranurtola.com.tr\/index.php\/wp-json\/wp\/v2\/pages\/125"}],"wp:attachment":[{"href":"http:\/\/www.esranurtola.com.tr\/index.php\/wp-json\/wp\/v2\/media?parent=127"}],"curies":[{"name":"wp","href":"https:\/\/api.w.org\/{rel}","templated":true}]}}