{"id":169,"date":"2020-09-20T14:55:29","date_gmt":"2020-09-20T14:55:29","guid":{"rendered":"http:\/\/www.esranurtola.com.tr\/?page_id=169"},"modified":"2020-09-21T09:00:10","modified_gmt":"2020-09-21T09:00:10","slug":"dernek-uyeliklerim","status":"publish","type":"page","link":"http:\/\/www.esranurtola.com.tr\/index.php\/dernek-uyeliklerim\/","title":{"rendered":"Dernek \u00dcyeliklerim"},"content":{"rendered":"\n<ul class=\"wp-block-list\" id=\"block-98ac0b59-5b8b-4145-bad7-ed70e604eb84\"><li>T\u00fcrk Jinekoloji ve Obstetri Derne\u011fi (TJOD) (2000\u2013halen)<ul><li>Isparta \u015fubesi y\u00f6netim kurulu \u00fcyesi (2013-2018)<\/li><\/ul><\/li><li>T\u00fcrk \u00dcreme Sa\u011fl\u0131\u011f\u0131 ve \u0130nfertilite Derne\u011fi (TSRM) (2014-halen)<\/li><li>European Society of Human Reproduction and Embriyology (ESHRE) (2017 \u2013 2018)<\/li><li>International Society of in Vitro Fertilization (ISIVF) (2019-halen)<\/li><\/ul>\n","protected":false},"excerpt":{"rendered":"<p>T\u00fcrk Jinekoloji ve Obstetri Derne\u011fi (TJOD) (2000\u2013halen) Isparta \u015fubesi y\u00f6netim kurulu \u00fcyesi (2013-2018) T\u00fcrk \u00dcreme Sa\u011fl\u0131\u011f\u0131 ve \u0130nfertilite Derne\u011fi (TSRM) (2014-halen) European Society of Human Reproduction and Embriyology (ESHRE) (2017 \u2013 2018) International Society of in Vitro Fertilization (ISIVF) (2019-halen)<\/p>\n","protected":false},"author":1,"featured_media":0,"parent":0,"menu_order":0,"comment_status":"closed","ping_status":"closed","template":"","meta":{"_monsterinsights_skip_tracking":false,"_monsterinsights_sitenote_active":false,"_monsterinsights_sitenote_note":"","_monsterinsights_sitenote_category":0,"footnotes":""},"class_list":["post-169","page","type-page","status-publish","hentry"],"aioseo_notices":[],"_links":{"self":[{"href":"http:\/\/www.esranurtola.com.tr\/index.php\/wp-json\/wp\/v2\/pages\/169","targetHints":{"allow":["GET"]}}],"collection":[{"href":"http:\/\/www.esranurtola.com.tr\/index.php\/wp-json\/wp\/v2\/pages"}],"about":[{"href":"http:\/\/www.esranurtola.com.tr\/index.php\/wp-json\/wp\/v2\/types\/page"}],"author":[{"embeddable":true,"href":"http:\/\/www.esranurtola.com.tr\/index.php\/wp-json\/wp\/v2\/users\/1"}],"replies":[{"embeddable":true,"href":"http:\/\/www.esranurtola.com.tr\/index.php\/wp-json\/wp\/v2\/comments?post=169"}],"version-history":[{"count":2,"href":"http:\/\/www.esranurtola.com.tr\/index.php\/wp-json\/wp\/v2\/pages\/169\/revisions"}],"predecessor-version":[{"id":208,"href":"http:\/\/www.esranurtola.com.tr\/index.php\/wp-json\/wp\/v2\/pages\/169\/revisions\/208"}],"wp:attachment":[{"href":"http:\/\/www.esranurtola.com.tr\/index.php\/wp-json\/wp\/v2\/media?parent=169"}],"curies":[{"name":"wp","href":"https:\/\/api.w.org\/{rel}","templated":true}]}}