{"id":251,"date":"2016-06-13T09:52:14","date_gmt":"2016-06-13T07:52:14","guid":{"rendered":"http:\/\/plethorathemes.com\/healthflex\/doctor\/?page_id=7"},"modified":"2020-12-29T12:48:04","modified_gmt":"2020-12-29T12:48:04","slug":"home","status":"publish","type":"page","link":"http:\/\/www.esranurtola.com.tr\/","title":{"rendered":"Home"},"content":{"rendered":"\t\t<div data-elementor-type=\"wp-page\" data-elementor-id=\"251\" class=\"elementor elementor-251\" data-elementor-settings=\"[]\">\n\t\t\t\t\t\t<div class=\"elementor-inner\">\n\t\t\t\t\t\t\t<div class=\"elementor-section-wrap\">\n\t\t\t\t\t\t\t<section class=\"elementor-section elementor-top-section elementor-element elementor-element-2089001 elementor-section-full_width elementor-section-stretched elementor-section-height-default elementor-section-height-default\" data-id=\"2089001\" data-element_type=\"section\" data-settings=\"{&quot;stretch_section&quot;:&quot;section-stretched&quot;}\">\n\t\t\t\t\t\t<div class=\"elementor-container elementor-column-gap-default\">\n\t\t\t\t\t\t\t<div class=\"elementor-row\">\n\t\t\t\t\t<div class=\"elementor-column elementor-col-66 elementor-top-column elementor-element elementor-element-4c2dd28\" data-id=\"4c2dd28\" data-element_type=\"column\">\n\t\t\t<div class=\"elementor-column-wrap elementor-element-populated\">\n\t\t\t\t\t\t\t<div class=\"elementor-widget-wrap\">\n\t\t\t\t\t\t<div class=\"elementor-element elementor-element-990e407 elementor-widget elementor-widget-text-editor\" data-id=\"990e407\" data-element_type=\"widget\" data-widget_type=\"text-editor.default\">\n\t\t\t\t<div class=\"elementor-widget-container\">\n\t\t\t\t\t<div class=\"elementor-text-editor elementor-clearfix\"><p><strong>Do\u00e7.Dr.Esra Nur Tola<\/strong><\/p><p>2005- 2011\u00a0\u00a0\u00a0\u00a0\u00a0\u00a0\u00a0\u00a0\u00a0\u00a0\u00a0\u00a0\u00a0\u00a0\u00a0\u00a0\u00a0\u00a0\u00a0\u00a0\u00a0\u00a0\u00a0\u00a0\u00a0\u00a0\u00a0\u00a0 Asistan Doktor, S\u00fcleyman Demirel \u00dcniversitesi T\u0131p Fak\u00fcltesi, Kad\u0131n Hastal\u0131klar\u0131 ve Do\u011fum Anabilim Dal\u0131, Isparta, T\u00fcrkiye.<\/p><p>2011- 2013\u00a0\u00a0\u00a0\u00a0\u00a0\u00a0\u00a0\u00a0\u00a0\u00a0\u00a0\u00a0\u00a0\u00a0\u00a0\u00a0\u00a0\u00a0\u00a0\u00a0\u00a0\u00a0\u00a0\u00a0\u00a0\u00a0\u00a0\u00a0 Kad\u0131n Do\u011fum Uzman\u0131, A\u011fr\u0131 Devlet Hastanesi, A\u011fr\u0131, T\u00fcrkiye.<\/p><p>2013- 2019\u00a0\u00a0\u00a0\u00a0\u00a0\u00a0\u00a0\u00a0\u00a0\u00a0\u00a0\u00a0\u00a0\u00a0\u00a0\u00a0\u00a0\u00a0\u00a0\u00a0\u00a0\u00a0\u00a0\u00a0\u00a0\u00a0\u00a0\u00a0 Yrd. Do\u00e7. Dr., S\u00fcleyman Demirel \u00dcniversitesi T\u0131p Fak\u00fcltesi, Kad\u0131n Hastal\u0131klar\u0131 ve Do\u011fum Anabilim Dal\u0131, Isparta, T\u00fcrkiye.<\/p><p>2016 \u015eubat- Temmuz\u00a0\u00a0\u00a0\u00a0\u00a0\u00a0\u00a0\u00a0\u00a0\u00a0\u00a0 \u0130stanbul Memorial Hastanesi \u0130n vitro Fertilizasyon \u00dcnitesi, Sa\u011fl\u0131k Bakanl\u0131\u011f\u0131 IVF sertifikasyon program\u0131 kursiyeri<\/p><p>2019 Mart- Aral\u0131k \u00a0\u00a0\u00a0\u00a0\u00a0\u00a0\u00a0\u00a0\u00a0\u00a0\u00a0\u00a0\u00a0\u00a0\u00a0 Do\u00e7. Dr., S\u00fcleyman Demirel \u00dcniversitesi T\u0131p Fak\u00fcltesi, Kad\u0131n Hastal\u0131klar\u0131 ve Do\u011fum Anabilim Dal\u0131, Isparta, T\u00fcrkiye.<\/p><p>2019 Aral\u0131k- Halen\u00a0\u00a0\u00a0\u00a0\u00a0\u00a0\u00a0\u00a0\u00a0\u00a0\u00a0\u00a0\u00a0\u00a0 \u0130stanbul Medipol \u00dcniversitesi T\u0131p Fak\u00fcltesi, Kad\u0131n Hastal\u0131klar\u0131 ve Do\u011fum Anabilim Dal\u0131, Pendik Medipol Hastanesi \u0130stanbul, T\u00fcrkiye.<\/p><p><a href=\"https:\/\/www.esranurtola.com.tr\/index.php\/cv\/\">Devam\u0131&#8230;<\/a><\/p><\/div>\n\t\t\t\t<\/div>\n\t\t\t\t<\/div>\n\t\t\t\t\t\t<\/div>\n\t\t\t\t\t<\/div>\n\t\t<\/div>\n\t\t\t\t<div class=\"elementor-column elementor-col-33 elementor-top-column elementor-element elementor-element-bc3ae29\" data-id=\"bc3ae29\" data-element_type=\"column\">\n\t\t\t<div class=\"elementor-column-wrap elementor-element-populated\">\n\t\t\t\t\t\t\t<div class=\"elementor-widget-wrap\">\n\t\t\t\t\t\t<div class=\"elementor-element elementor-element-ebe4e34 elementor-widget elementor-widget-image\" data-id=\"ebe4e34\" data-element_type=\"widget\" data-widget_type=\"image.default\">\n\t\t\t\t<div class=\"elementor-widget-container\">\n\t\t\t\t\t<div class=\"elementor-image\">\n\t\t\t\t\t\t\t\t\t\t<img loading=\"lazy\" decoding=\"async\" width=\"310\" height=\"310\" src=\"http:\/\/www.esranurtola.com.tr\/wp-content\/uploads\/2020\/09\/122.jpg\" class=\"attachment-large size-large\" alt=\"\" srcset=\"http:\/\/www.esranurtola.com.tr\/wp-content\/uploads\/2020\/09\/122.jpg 310w, http:\/\/www.esranurtola.com.tr\/wp-content\/uploads\/2020\/09\/122-300x300.jpg 300w, http:\/\/www.esranurtola.com.tr\/wp-content\/uploads\/2020\/09\/122-150x150.jpg 150w\" sizes=\"auto, (max-width: 310px) 100vw, 310px\" \/>\t\t\t\t\t\t\t\t\t\t\t<\/div>\n\t\t\t\t<\/div>\n\t\t\t\t<\/div>\n\t\t\t\t\t\t<\/div>\n\t\t\t\t\t<\/div>\n\t\t<\/div>\n\t\t\t\t\t\t\t\t<\/div>\n\t\t\t\t\t<\/div>\n\t\t<\/section>\n\t\t\t\t<section class=\"elementor-section elementor-top-section elementor-element elementor-element-99bb38a elementor-section-full_width elementor-section-stretched elementor-section-height-default elementor-section-height-default\" data-id=\"99bb38a\" data-element_type=\"section\" data-settings=\"{&quot;stretch_section&quot;:&quot;section-stretched&quot;}\">\n\t\t\t\t\t\t<div class=\"elementor-container elementor-column-gap-default\">\n\t\t\t\t\t\t\t<div class=\"elementor-row\">\n\t\t\t\t\t<div class=\"elementor-column elementor-col-100 elementor-top-column elementor-element elementor-element-94c3dc2\" data-id=\"94c3dc2\" data-element_type=\"column\">\n\t\t\t<div class=\"elementor-column-wrap elementor-element-populated\">\n\t\t\t\t\t\t\t<div class=\"elementor-widget-wrap\">\n\t\t\t\t\t\t<div class=\"elementor-element elementor-element-edad903 elementor-widget elementor-widget-divider\" data-id=\"edad903\" data-element_type=\"widget\" data-widget_type=\"divider.default\">\n\t\t\t\t<div class=\"elementor-widget-container\">\n\t\t\t\t\t<div class=\"elementor-divider\">\n\t\t\t<span class=\"elementor-divider-separator\">\n\t\t\t\t\t\t<\/span>\n\t\t<\/div>\n\t\t\t\t<\/div>\n\t\t\t\t<\/div>\n\t\t\t\t\t\t<\/div>\n\t\t\t\t\t<\/div>\n\t\t<\/div>\n\t\t\t\t\t\t\t\t<\/div>\n\t\t\t\t\t<\/div>\n\t\t<\/section>\n\t\t\t\t<section class=\"elementor-section elementor-top-section elementor-element elementor-element-b2c1649 elementor-section-full_width elementor-section-stretched elementor-section-height-default elementor-section-height-default\" data-id=\"b2c1649\" data-element_type=\"section\" data-settings=\"{&quot;stretch_section&quot;:&quot;section-stretched&quot;,&quot;background_background&quot;:&quot;classic&quot;}\">\n\t\t\t\t\t\t<div class=\"elementor-container elementor-column-gap-default\">\n\t\t\t\t\t\t\t<div class=\"elementor-row\">\n\t\t\t\t\t<div class=\"elementor-column elementor-col-33 elementor-top-column elementor-element elementor-element-280977f\" data-id=\"280977f\" data-element_type=\"column\">\n\t\t\t<div class=\"elementor-column-wrap elementor-element-populated\">\n\t\t\t\t\t\t\t<div class=\"elementor-widget-wrap\">\n\t\t\t\t\t\t<div class=\"elementor-element elementor-element-b28fd71 elementor-widget elementor-widget-heading\" data-id=\"b28fd71\" data-element_type=\"widget\" data-widget_type=\"heading.default\">\n\t\t\t\t<div class=\"elementor-widget-container\">\n\t\t\t<h2 class=\"elementor-heading-title elementor-size-default\">Endometriozis<\/h2>\t\t<\/div>\n\t\t\t\t<\/div>\n\t\t\t\t<div class=\"elementor-element elementor-element-b419f65 elementor-widget elementor-widget-image\" data-id=\"b419f65\" data-element_type=\"widget\" data-widget_type=\"image.default\">\n\t\t\t\t<div class=\"elementor-widget-container\">\n\t\t\t\t\t<div class=\"elementor-image\">\n\t\t\t\t\t\t\t\t\t\t<img loading=\"lazy\" decoding=\"async\" width=\"800\" height=\"533\" src=\"http:\/\/www.esranurtola.com.tr\/wp-content\/uploads\/2020\/12\/end.jpg\" class=\"attachment-large size-large\" alt=\"\" srcset=\"http:\/\/www.esranurtola.com.tr\/wp-content\/uploads\/2020\/12\/end.jpg 800w, http:\/\/www.esranurtola.com.tr\/wp-content\/uploads\/2020\/12\/end-300x200.jpg 300w, http:\/\/www.esranurtola.com.tr\/wp-content\/uploads\/2020\/12\/end-768x512.jpg 768w\" sizes=\"auto, (max-width: 800px) 100vw, 800px\" \/>\t\t\t\t\t\t\t\t\t\t\t<\/div>\n\t\t\t\t<\/div>\n\t\t\t\t<\/div>\n\t\t\t\t<div class=\"elementor-element elementor-element-ee1294c elementor-widget elementor-widget-text-editor\" data-id=\"ee1294c\" data-element_type=\"widget\" data-widget_type=\"text-editor.default\">\n\t\t\t\t<div class=\"elementor-widget-container\">\n\t\t\t\t\t<div class=\"elementor-text-editor elementor-clearfix\"><p>Endometriozis \u00fcreme \u00e7a\u011f\u0131ndaki kad\u0131nlarda g\u00f6r\u00fclen kronik ilerleyici bir hastal\u0131kt\u0131r. Rahmin i\u00e7 k\u0131sm\u0131n\u0131 d\u00f6\u015feyen endometrium ismi verilen katman\u0131n rahim i\u00e7 duvar\u0131 d\u0131\u015f\u0131ndaki herhangi bir b\u00f6lgeye yerle\u015fmesi durumudur. Nedeni tam olarak bilinmemektedir. Toplumda g\u00f6r\u00fclme s\u0131kl\u0131\u011f\u0131<a href=\"https:\/\/www.esranurtola.com.tr\/index.php\/ilgi-alanlarim\/endometriozis\/\">Devam\u0131&#8230;<\/a><\/p><\/div>\n\t\t\t\t<\/div>\n\t\t\t\t<\/div>\n\t\t\t\t\t\t<\/div>\n\t\t\t\t\t<\/div>\n\t\t<\/div>\n\t\t\t\t<div class=\"elementor-column elementor-col-33 elementor-top-column elementor-element elementor-element-e6d30d2\" data-id=\"e6d30d2\" data-element_type=\"column\">\n\t\t\t<div class=\"elementor-column-wrap elementor-element-populated\">\n\t\t\t\t\t\t\t<div class=\"elementor-widget-wrap\">\n\t\t\t\t\t\t<div class=\"elementor-element elementor-element-ea41391 elementor-widget elementor-widget-heading\" data-id=\"ea41391\" data-element_type=\"widget\" data-widget_type=\"heading.default\">\n\t\t\t\t<div class=\"elementor-widget-container\">\n\t\t\t<h2 class=\"elementor-heading-title elementor-size-default\">K\u0131s\u0131rl\u0131k<\/h2>\t\t<\/div>\n\t\t\t\t<\/div>\n\t\t\t\t<div class=\"elementor-element elementor-element-d109773 elementor-widget elementor-widget-image\" data-id=\"d109773\" data-element_type=\"widget\" data-widget_type=\"image.default\">\n\t\t\t\t<div class=\"elementor-widget-container\">\n\t\t\t\t\t<div class=\"elementor-image\">\n\t\t\t\t\t\t\t\t\t\t<img loading=\"lazy\" decoding=\"async\" width=\"800\" height=\"533\" src=\"http:\/\/www.esranurtola.com.tr\/wp-content\/uploads\/2020\/12\/kisirlik.jpg\" class=\"attachment-large size-large\" alt=\"\" srcset=\"http:\/\/www.esranurtola.com.tr\/wp-content\/uploads\/2020\/12\/kisirlik.jpg 800w, http:\/\/www.esranurtola.com.tr\/wp-content\/uploads\/2020\/12\/kisirlik-300x200.jpg 300w, http:\/\/www.esranurtola.com.tr\/wp-content\/uploads\/2020\/12\/kisirlik-768x512.jpg 768w\" sizes=\"auto, (max-width: 800px) 100vw, 800px\" \/>\t\t\t\t\t\t\t\t\t\t\t<\/div>\n\t\t\t\t<\/div>\n\t\t\t\t<\/div>\n\t\t\t\t<div class=\"elementor-element elementor-element-1b74ee5 elementor-widget elementor-widget-text-editor\" data-id=\"1b74ee5\" data-element_type=\"widget\" data-widget_type=\"text-editor.default\">\n\t\t\t\t<div class=\"elementor-widget-container\">\n\t\t\t\t\t<div class=\"elementor-text-editor elementor-clearfix\"><p>K\u0131s\u0131rl\u0131k \u00e7iftlerin daha ge\u00e7 ya\u015fta evlenmesi veya \u00e7ocuk planlar\u0131n\u0131 ileri ya\u015flara ertelemesi, yenilen g\u0131dalar, maruz kan\u0131lan \u00e7evresel ajanlar vb nedenlerle toplumda s\u0131kl\u0131\u011f\u0131 giderek yayg\u0131nla\u015fan g\u00f6r\u00fclen bir problemdir. 1 y\u0131l d\u00fczenli cinsel ili\u015fkiye (haftada 2-3 kez cinsel birliktelik) ra\u011fmen&#8230; <a href=\"https:\/\/www.esranurtola.com.tr\/index.php\/ilgi-alanlarim\/kisirlik\/\">Devam\u0131&#8230;<\/a><\/p><\/div>\n\t\t\t\t<\/div>\n\t\t\t\t<\/div>\n\t\t\t\t\t\t<\/div>\n\t\t\t\t\t<\/div>\n\t\t<\/div>\n\t\t\t\t<div class=\"elementor-column elementor-col-33 elementor-top-column elementor-element elementor-element-d24ae62\" data-id=\"d24ae62\" data-element_type=\"column\">\n\t\t\t<div class=\"elementor-column-wrap elementor-element-populated\">\n\t\t\t\t\t\t\t<div class=\"elementor-widget-wrap\">\n\t\t\t\t\t\t<div class=\"elementor-element elementor-element-1409bb8 elementor-widget elementor-widget-heading\" data-id=\"1409bb8\" data-element_type=\"widget\" data-widget_type=\"heading.default\">\n\t\t\t\t<div class=\"elementor-widget-container\">\n\t\t\t<h2 class=\"elementor-heading-title elementor-size-default\">T\u00fcp Bebek Tedavisi<\/h2>\t\t<\/div>\n\t\t\t\t<\/div>\n\t\t\t\t<div class=\"elementor-element elementor-element-eb4f1f5 elementor-widget elementor-widget-image\" data-id=\"eb4f1f5\" data-element_type=\"widget\" data-widget_type=\"image.default\">\n\t\t\t\t<div class=\"elementor-widget-container\">\n\t\t\t\t\t<div class=\"elementor-image\">\n\t\t\t\t\t\t\t\t\t\t<img loading=\"lazy\" decoding=\"async\" width=\"800\" height=\"533\" src=\"http:\/\/www.esranurtola.com.tr\/wp-content\/uploads\/2020\/12\/tup-bebek.jpg\" class=\"attachment-large size-large\" alt=\"\" srcset=\"http:\/\/www.esranurtola.com.tr\/wp-content\/uploads\/2020\/12\/tup-bebek.jpg 800w, http:\/\/www.esranurtola.com.tr\/wp-content\/uploads\/2020\/12\/tup-bebek-300x200.jpg 300w, http:\/\/www.esranurtola.com.tr\/wp-content\/uploads\/2020\/12\/tup-bebek-768x512.jpg 768w\" sizes=\"auto, (max-width: 800px) 100vw, 800px\" \/>\t\t\t\t\t\t\t\t\t\t\t<\/div>\n\t\t\t\t<\/div>\n\t\t\t\t<\/div>\n\t\t\t\t<div class=\"elementor-element elementor-element-eaa3f52 elementor-widget elementor-widget-text-editor\" data-id=\"eaa3f52\" data-element_type=\"widget\" data-widget_type=\"text-editor.default\">\n\t\t\t\t<div class=\"elementor-widget-container\">\n\t\t\t\t\t<div class=\"elementor-text-editor elementor-clearfix\"><p>T\u00fcp bebek, son 30 y\u0131lda k\u0131s\u0131rl\u0131k (infertilite) alan\u0131nda \u00f6nemli bulu\u015flardan bir tanesi olmu\u015f ve gebelik planlayan pek \u00e7ok \u00e7ifte \u00fcmit vermi\u015ftir. T\u00fcp bebek tedavisinde yumurta geli\u015ftirici ila\u00e7lar ile kad\u0131nda geli\u015ftirilen yumurtalar anestezi alt\u0131nda al\u0131n\u0131r, erkekten al\u0131nan sperm ile laboratuar <a href=\"https:\/\/www.esranurtola.com.tr\/index.php\/ilgi-alanlarim\/tup-bebek\/\">Devam\u0131&#8230;<\/a><\/p><\/div>\n\t\t\t\t<\/div>\n\t\t\t\t<\/div>\n\t\t\t\t\t\t<\/div>\n\t\t\t\t\t<\/div>\n\t\t<\/div>\n\t\t\t\t\t\t\t\t<\/div>\n\t\t\t\t\t<\/div>\n\t\t<\/section>\n\t\t\t\t<section class=\"elementor-section elementor-top-section elementor-element elementor-element-b23cf77 elementor-section-full_width elementor-section-stretched elementor-section-height-default elementor-section-height-default\" data-id=\"b23cf77\" data-element_type=\"section\" data-settings=\"{&quot;stretch_section&quot;:&quot;section-stretched&quot;}\">\n\t\t\t\t\t\t<div class=\"elementor-container elementor-column-gap-default\">\n\t\t\t\t\t\t\t<div class=\"elementor-row\">\n\t\t\t\t\t<div class=\"elementor-column elementor-col-100 elementor-top-column elementor-element elementor-element-3f78a32\" data-id=\"3f78a32\" data-element_type=\"column\">\n\t\t\t<div class=\"elementor-column-wrap elementor-element-populated\">\n\t\t\t\t\t\t\t<div class=\"elementor-widget-wrap\">\n\t\t\t\t\t\t<div class=\"elementor-element elementor-element-4e47f27 elementor-widget elementor-widget-divider\" data-id=\"4e47f27\" data-element_type=\"widget\" data-widget_type=\"divider.default\">\n\t\t\t\t<div class=\"elementor-widget-container\">\n\t\t\t\t\t<div class=\"elementor-divider\">\n\t\t\t<span class=\"elementor-divider-separator\">\n\t\t\t\t\t\t<\/span>\n\t\t<\/div>\n\t\t\t\t<\/div>\n\t\t\t\t<\/div>\n\t\t\t\t\t\t<\/div>\n\t\t\t\t\t<\/div>\n\t\t<\/div>\n\t\t\t\t\t\t\t\t<\/div>\n\t\t\t\t\t<\/div>\n\t\t<\/section>\n\t\t\t\t<section class=\"elementor-section elementor-top-section elementor-element elementor-element-4d42aaa elementor-section-full_width elementor-section-stretched elementor-section-height-default elementor-section-height-default\" data-id=\"4d42aaa\" data-element_type=\"section\" data-settings=\"{&quot;stretch_section&quot;:&quot;section-stretched&quot;}\">\n\t\t\t\t\t\t<div class=\"elementor-container elementor-column-gap-default\">\n\t\t\t\t\t\t\t<div class=\"elementor-row\">\n\t\t\t\t\t<div class=\"elementor-column elementor-col-100 elementor-top-column elementor-element elementor-element-d632d88\" data-id=\"d632d88\" data-element_type=\"column\">\n\t\t\t<div class=\"elementor-column-wrap elementor-element-populated\">\n\t\t\t\t\t\t\t<div class=\"elementor-widget-wrap\">\n\t\t\t\t\t\t<div class=\"elementor-element elementor-element-5663dac elementor-widget elementor-widget-google_maps\" data-id=\"5663dac\" data-element_type=\"widget\" data-widget_type=\"google_maps.default\">\n\t\t\t\t<div class=\"elementor-widget-container\">\n\t\t\t<div class=\"elementor-custom-embed\"><iframe frameborder=\"0\" scrolling=\"no\" marginheight=\"0\" marginwidth=\"0\" src=\"https:\/\/maps.google.com\/maps?q=pendik%20medipol&amp;t=m&amp;z=10&amp;output=embed&amp;iwloc=near\" title=\"pendik medipol\" aria-label=\"pendik medipol\"><\/iframe><\/div>\t\t<\/div>\n\t\t\t\t<\/div>\n\t\t\t\t\t\t<\/div>\n\t\t\t\t\t<\/div>\n\t\t<\/div>\n\t\t\t\t\t\t\t\t<\/div>\n\t\t\t\t\t<\/div>\n\t\t<\/section>\n\t\t\t\t\t\t<\/div>\n\t\t\t\t\t\t<\/div>\n\t\t\t\t\t<\/div>\n\t\t","protected":false},"excerpt":{"rendered":"<p>Do\u00e7.Dr.Esra Nur Tola 2005- 2011\u00a0\u00a0\u00a0\u00a0\u00a0\u00a0\u00a0\u00a0\u00a0\u00a0\u00a0\u00a0\u00a0\u00a0\u00a0\u00a0\u00a0\u00a0\u00a0\u00a0\u00a0\u00a0\u00a0\u00a0\u00a0\u00a0\u00a0\u00a0 Asistan Doktor, S\u00fcleyman Demirel \u00dcniversitesi T\u0131p Fak\u00fcltesi, Kad\u0131n Hastal\u0131klar\u0131 ve Do\u011fum Anabilim Dal\u0131, Isparta, T\u00fcrkiye. 2011- 2013\u00a0\u00a0\u00a0\u00a0\u00a0\u00a0\u00a0\u00a0\u00a0\u00a0\u00a0\u00a0\u00a0\u00a0\u00a0\u00a0\u00a0\u00a0\u00a0\u00a0\u00a0\u00a0\u00a0\u00a0\u00a0\u00a0\u00a0\u00a0 Kad\u0131n Do\u011fum Uzman\u0131, A\u011fr\u0131 Devlet Hastanesi, A\u011fr\u0131, T\u00fcrkiye. 2013- 2019\u00a0\u00a0\u00a0\u00a0\u00a0\u00a0\u00a0\u00a0\u00a0\u00a0\u00a0\u00a0\u00a0\u00a0\u00a0\u00a0\u00a0\u00a0\u00a0\u00a0\u00a0\u00a0\u00a0\u00a0\u00a0\u00a0\u00a0\u00a0 Yrd. Do\u00e7. Dr., S\u00fcleyman Demirel \u00dcniversitesi T\u0131p Fak\u00fcltesi, Kad\u0131n Hastal\u0131klar\u0131 ve Do\u011fum Anabilim Dal\u0131, Isparta, T\u00fcrkiye. 2016 \u015eubat- Temmuz\u00a0\u00a0\u00a0\u00a0\u00a0\u00a0\u00a0\u00a0\u00a0\u00a0\u00a0 \u0130stanbul Memorial Hastanesi \u0130n [&hellip;]<\/p>\n","protected":false},"author":1,"featured_media":0,"parent":0,"menu_order":0,"comment_status":"closed","ping_status":"closed","template":"","meta":{"_monsterinsights_skip_tracking":false,"_monsterinsights_sitenote_active":false,"_monsterinsights_sitenote_note":"","_monsterinsights_sitenote_category":0,"footnotes":""},"class_list":["post-251","page","type-page","status-publish","hentry"],"aioseo_notices":[],"_links":{"self":[{"href":"http:\/\/www.esranurtola.com.tr\/index.php\/wp-json\/wp\/v2\/pages\/251","targetHints":{"allow":["GET"]}}],"collection":[{"href":"http:\/\/www.esranurtola.com.tr\/index.php\/wp-json\/wp\/v2\/pages"}],"about":[{"href":"http:\/\/www.esranurtola.com.tr\/index.php\/wp-json\/wp\/v2\/types\/page"}],"author":[{"embeddable":true,"href":"http:\/\/www.esranurtola.com.tr\/index.php\/wp-json\/wp\/v2\/users\/1"}],"replies":[{"embeddable":true,"href":"http:\/\/www.esranurtola.com.tr\/index.php\/wp-json\/wp\/v2\/comments?post=251"}],"version-history":[{"count":33,"href":"http:\/\/www.esranurtola.com.tr\/index.php\/wp-json\/wp\/v2\/pages\/251\/revisions"}],"predecessor-version":[{"id":389,"href":"http:\/\/www.esranurtola.com.tr\/index.php\/wp-json\/wp\/v2\/pages\/251\/revisions\/389"}],"wp:attachment":[{"href":"http:\/\/www.esranurtola.com.tr\/index.php\/wp-json\/wp\/v2\/media?parent=251"}],"curies":[{"name":"wp","href":"https:\/\/api.w.org\/{rel}","templated":true}]}}